2*s + 2*k, -4*s + 11 = -k. Suppose -1 = s*l - 127. What are the prime factors of l?
2, 3, 7
Let b = -7 - -11. Suppose b*m - 24 = 12. What are the prime factors of m?
3
Suppose 2*g = 4*g - 4. Suppose 54 = 5*q + z, z + z - 28 = -g*q. List the prime factors of q.
2, 5
Let h(q) = 3*q**3 + q**2 - 2*q + 1. Let u = -4 + 6. Let i be h(u). Suppose 4*y + i = 73. What are the prime factors of y?
2, 3
Suppose g - 2*g = -5*n + 19, 1 = -5*n - 4*g. Let p = 24 + n. What are the prime factors of p?
3
Let s be (-8)/10*(-615)/6. Suppose -5*p + p = 5*v - s, p + 92 = 5*v. What are the prime factors of v?
2, 3
Let f(g) = 6*g**2 - 2*g + 19. What are the prime factors of f(5)?
3, 53
Let s be -2 + 8*2 - -3. Suppose 4*p = -s + 45. List the prime factors of p.
7
Suppose -3*q - 24 = -5*q. List the prime factors of 9/q + (-18)/(-8).
3
Let p = -20 - -78. What are the prime factors of p?
2, 29
Let x(t) = t. Let f be x(2). Suppose i - 4 = f*r, -2*i + 2*r = 6*r + 32. Let n(h) = -h. What are the prime factors of n(i)?
2, 3
Let d(q) = -q**2 + 7*q - 1. Let o be d(6). Let n = 2 + 42. Suppose o*a - 11 = n. List the prime factors of a.
11
Let c = 41 + -41. Let r = 12 + -7. Suppose -r*b + c*b = -25. What are the prime factors of b?
5
Let x(h) = 5*h**2 - 11*h + 31. List the prime factors of x(7).
199
List the prime factors of ((-14)/21)/(2/(-93)).
31
Let h = 9 + 30. What are the prime factors of h?
3, 13
Let y be -35*((-18)/15)/3. List the prime factors of (y/(-8))/((-1)/4).
7
Suppose -4*q - 3*q = -252. What are the prime factors of q?
2, 3
Suppose 6 + 6 = 2*z. What are the prime factors of ((-140)/(-6))/(z/9)?
5, 7
Let g = -13 - 0. Let z = 19 + g. List the prime factors of z.
2, 3
Let p be (-6 + (-6)/3)/(-2). Suppose -16 = p*s - 60. What are the prime factors of s?
11
Suppose -2*a = -17 - 11. Suppose -a = -2*p - 2. List the prime factors of p.
2, 3
Suppose 4*b + 4*u - 488 = 0, 2*u - 6*u + 238 = 2*b. List the prime factors of b.
5
Let m(u) = u**3 + 6*u**2 + 5*u + 5. Let q = 6 + -4. Suppose -4*w - w + q*d = 18, 3*w = 5*d - 7. List the prime factors of m(w).
17
Let o(f) = f**3 + 18*f**2 - 26*f - 20. What are the prime factors of o(-19)?
113
Suppose 4*i - 2*h = 18, -5*i + 14 = -3*h - 6. List the prime factors of i.
7
Let j be -2*(-2)/(-4) - -3. Suppose -j*i - 52 = -4*i. Suppose -23 = -2*q - 3*a, 4*q + 2*a - i = 24. What are the prime factors of q?
13
Suppose -3*o = -w + 12 + 4, o + 2 = 0. Let x = 16 - w. Suppose 0 = -3*q - 2*m + 3*m + 28, -3*m + x = 0. What are the prime factors of q?
2, 5
List the prime factors of ((-174)/(-24))/((-1)/(-4)).
29
Let z(r) = r**3 - 7*r**2 + 3*r + 16. What are the prime factors of z(7)?
37
Suppose 7*p - 2*w - 16 = 2*p, 0 = -p + w + 5. Suppose 0 = 2*q - 5*k + 18, -3*q - 2*q + 9 = k. List the prime factors of (-6)/(-2)*(p - q).
3
Suppose -9 = -2*i + 5. Suppose i*p - 12 = 5*p. List the prime factors of p.
2, 3
Suppose -4*c + 16 = 4*x, -c - 23 = -2*x - 0*x. Let s(d) = d**3 - 8*d**2 - 7*d - 11. List the prime factors of s(x).
7
Let j(p) = 0*p**2 - p - 3*p**2 + 2*p**2 + 5 - p**3. Let g be j(0). Suppose g*y = 3*y + 10. What are the prime factors of y?
5
What are the prime factors of 4 + (-1 - 40/(-2))?
23
Let w be (-5)/(-8)*2*4. Suppose w*b + r = 2 + 4, -20 = 5*r. List the prime factors of b.
2
Let x(r) = -r**2 - 5*r - 5. Let z be x(-11). Let i = -37 - z. List the prime factors of i.
2, 17
Suppose -5*w + 549 = 3*n, 2*w - 275 = -4*n - 47. What are the prime factors of w?
2, 3
Let f = -265 - -486. List the prime factors of f.
13, 17
Let p(u) = u + 4. Let b(o) = 2*o + 4. Let c(n) = -2*b(n) + 3*p(n). Let m(h) = h**3 + h**2. Let r be m(-1). List the prime factors of c(r).
2
Let y = -9 - -83. What are the prime factors of y?
2, 37
Let p(r) = -r**2 - 4*r. Suppose 0 = 3*a - 4*y - 5, -a + 2*y + 2 = -3. Let i be p(a). What are the prime factors of 2/i - (-72)/5?
2, 7
Suppose 23 - 68 = -5*f + 5*p, 4*f - p = 21. Suppose 0 = -f*q + 5*q - 2. List the prime factors of q.
2
Suppose -4*h + 72 = 2*h. What are the prime factors of h?
2, 3
Let m = -13 + -3. Let a = -1 - m. What are the prime factors of a?
3, 5
Let m = 5 - 3. Suppose -d - d + 30 = 0. Suppose m*q = d - 3. List the prime factors of q.
2, 3
Let i = 138 - 97. List the prime factors of i.
41
Suppose -4*m = -0*o - 3*o + 24, 0 = -2*m - 2*o - 12. Let d(w) = -4*w - 3 - w**2 + 0*w - 3*w. List the prime factors of d(m).
3
Let o = -3 + 3. Let f be o/2 - (1 - 4). Suppose 20 = f*j + 2*j. List the prime factors of j.
2
Suppose -5*h + 0 = 20. Let p = 12 + h. Suppose -6*l + p*l = 20. What are the prime factors of l?
2, 5
Let j be (2/4)/((-2)/(-68)). Let c = j + -3. Suppose -i - i = 5*w - 62, -c = -w - 2*i. List the prime factors of w.
2, 3
Suppose -4*p = c + 3*c - 172, 0 = -2*p - 5*c + 77. What are the prime factors of p?
2, 23
Suppose 0 = 5*o - 3*q - 165, 2*o - 99 = -o - q. Let v = o + -12. List the prime factors of v.
3, 7
Suppose n + 5*k - 37 = 0, -3*n + 8*n + 2*k = 70. What are the prime factors of n?
2, 3
Let p be (-58)/2*(-1 - 0). Suppose n + 4*y = p + 2, 89 = 5*n - 2*y. List the prime factors of n.
19
Let h(l) = -2*l - 5. Let d be h(-4). Suppose d + 12 = t. What are the prime factors of t?
3, 5
Let k(b) = b**3 - 4*b**2 + 5*b - 4. Let n be k(3). Let x = 9 - n. List the prime factors of x.
7
Suppose -4*v - x = -56, -x - 8 = -v + 6. Suppose -u = -3*y + 39 - v, -3*y - 3*u + 21 = 0. What are the prime factors of y?
2
Suppose 5*a = 120 + 15. What are the prime factors of a?
3
Let a be (6/2 - -1) + -2. Suppose 2*d + 5*t - 23 - 5 = 0, 2*d - a*t - 14 = 0. What are the prime factors of d?
3
Suppose -j - 1 = -4. Suppose -y - 10 = 5*l, -6*y - 4*l + j = -3*y. Suppose -3*i = -i - 5*f - 21, -3*i = y*f - 69. What are the prime factors of i?
2, 3
Let p = 40 + -32. What are the prime factors of p?
2
Let z = 191 - -24. List the prime factors of z.
5, 43
Suppose -3*n = 2*n - 100. What are the prime factors of n?
2, 5
Suppose -22 - 2 = 4*b. Let x(v) = -2*v - 9. List the prime factors of x(b).
3
Let c = -4 + 4. Let y = c - -3. Suppose -y*g = g - 40. List the prime factors of g.
2, 5
Let k(x) = -4*x - 24. Let a be k(-12). Suppose -4 - 2 = -3*m. Suppose -a = -4*l + m*l. List the prime factors of l.
2, 3
Suppose 5*x + 3*k + 7 = 0, 0 = -4*x + k - 2*k. What are the prime factors of (-63)/(-12) + x/(-4)?
5
Suppose 3*t - 353 = 5*u + 7*t, -5*t = 10. Let d = u - -98. What are the prime factors of d?
29
Suppose 5*m - 2*n - 589 = 0, n = -2*n + 9. What are the prime factors of m?
7, 17
Let c(x) = 2*x**3 + 2*x**2 - x - 2. Let p(m) = 3*m**3 + 3*m**2 - 2*m - 4. Let g(l) = -7*c(l) + 4*p(l). Suppose -7 + 3 = 2*h. List the prime factors of g(h).
2
Let a(h) = -4*h - 11. Let b be a(-4). Suppose 4*q - 2*q + b*j - 32 = 0, -4*j - 16 = 0. What are the prime factors of q?
2, 13
Suppose 4 = -0*p - 2*p. Let z(f) = -2*f**2 + 0*f**2 + f + 2*f**3 + 3*f**2 - 3*f**3. List the prime factors of z(p).
2, 5
Let u be 8 + (3 - (2 + 3)). Suppose u*d = 2*d. Suppose 0 = -4*c - 2*g + 56, 5*c + d*c - 72 = -3*g. What are the prime factors of c?
2, 3
Let d be ((-14)/4)/((-3)/(-6)). Let z(i) = i**2 + 6*i + 6. Let s be z(d). Suppose -5*l - s = v - 0*l, 3*l = -4*v + 16. What are the prime factors of v?
7
Let z = 39 - 16. List the prime factors of z.
23
Let q(k) = -5*k - 12. List the prime factors of q(-15).
3, 7
Let v be (-5)/(-2) + (-3)/(-6). Suppose 5*q = -7*z + v*z + 77, -5*z = -2*q + 11. What are the prime factors of q?
13
Let o = -18 + -1. Let k = 46 + o. Suppose 39 = -0*y + 5*y - 3*p, -3*p = -3*y + k. What are the prime factors of y?
2, 3
Let k(o) = -5*o - 2. Let h be k(-3). Suppose 2*j - 22 = 4*s, s - 3*j + 5 = -h. Let w(q) = -2*q. What are the prime factors of w(s)?
2, 3
Let c(d) = 4*d**3 - 9*d**2 + 10*d - 3. List the prime factors of c(5).
2, 7, 23
Let b be (1 - -3)/(-5 + 7). List the prime factors of (-7 - -5)*(-7)/b.
7
Suppose 40 = -c + 3*c. What are the prime factors of c?
2, 5
Let k(t) = -4*t + 2*t**2 - 3*t - 7 - t**2. List the prime factors of k(11).
37
Let k = 1 + 2. Suppose -4*f - 5*x + 5 = 0, f - 11 = -k*f - 3*x. Suppose -2*q = 2*g - 2, -f*g - 2*q + 7*q = -55. List the prime factors of g.
2, 3
Suppose y - 11 = -3. Suppose -b = 3 - y. What are the prime factors of b?
5
Let f(q) = q**3 + 7*q**2 - q - 3. Let p be f(-7). Suppose -3*b + 3 = -h - 1, -4*h = -p*b - 8. List the prim